{"id":4495,"date":"2021-11-06T12:36:30","date_gmt":"2021-11-06T11:36:30","guid":{"rendered":"https:\/\/www.rs-balingen.de\/home\/?page_id=4495"},"modified":"2022-08-26T13:27:48","modified_gmt":"2022-08-26T11:27:48","slug":"erklaerung-barrierefreiheit","status":"publish","type":"page","link":"https:\/\/www.rs-balingen.de\/home\/erklaerung-barrierefreiheit\/","title":{"rendered":"Erkl\u00e4rung zur Barrierefreiheit"},"content":{"rendered":"\t\t<div data-elementor-type=\"wp-page\" data-elementor-id=\"4495\" class=\"elementor elementor-4495\" data-elementor-post-type=\"page\">\n\t\t\t\t\t\t<section class=\"elementor-section elementor-top-section elementor-element elementor-element-459059c elementor-section-boxed elementor-section-height-default elementor-section-height-default\" data-id=\"459059c\" data-element_type=\"section\">\n\t\t\t\t\t\t<div class=\"elementor-container elementor-column-gap-default\">\n\t\t\t\t\t<div class=\"elementor-column elementor-col-100 elementor-top-column elementor-element elementor-element-49ded8c\" data-id=\"49ded8c\" data-element_type=\"column\">\n\t\t\t<div class=\"elementor-widget-wrap elementor-element-populated\">\n\t\t\t\t\t\t<div class=\"elementor-element elementor-element-78c6cc3 elementor-widget elementor-widget-spacer\" data-id=\"78c6cc3\" data-element_type=\"widget\" data-widget_type=\"spacer.default\">\n\t\t\t\t<div class=\"elementor-widget-container\">\n\t\t\t\t\t\t\t<div class=\"elementor-spacer\">\n\t\t\t<div class=\"elementor-spacer-inner\"><\/div>\n\t\t<\/div>\n\t\t\t\t\t\t<\/div>\n\t\t\t\t<\/div>\n\t\t\t\t\t<\/div>\n\t\t<\/div>\n\t\t\t\t\t<\/div>\n\t\t<\/section>\n\t\t\t\t<section class=\"elementor-section elementor-top-section elementor-element elementor-element-85a84aa elementor-section-boxed elementor-section-height-default elementor-section-height-default\" data-id=\"85a84aa\" data-element_type=\"section\">\n\t\t\t\t\t\t<div class=\"elementor-container elementor-column-gap-default\">\n\t\t\t\t\t<div class=\"elementor-column elementor-col-100 elementor-top-column elementor-element elementor-element-443e0cf\" data-id=\"443e0cf\" data-element_type=\"column\">\n\t\t\t<div class=\"elementor-widget-wrap elementor-element-populated\">\n\t\t\t\t\t\t<div class=\"elementor-element elementor-element-be87f91 elementor-widget elementor-widget-text-editor\" data-id=\"be87f91\" data-element_type=\"widget\" data-widget_type=\"text-editor.default\">\n\t\t\t\t<div class=\"elementor-widget-container\">\n\t\t\t\t\t\t\t\t\t<p><strong>ERKL\u00c4RUNG ZUR BARRIEREFREIHEIT<\/strong><\/p>\n<p>Die Realschule Balingen ist bem\u00fcht, ihre Webseite in Einklang mit \u00a7 10 Absatz 1 des Landesbehindertengleichstellungsgesetzes (L-BGG) barrierefrei zug\u00e4nglich zu machen.<\/p>\n<p>Diese Erkl\u00e4rung zur Barrierefreiheit gilt f\u00fcr die Seite www.realschule-bl.de<\/p>\n<p><\/p>\n<p><strong>1. Stand der Vereinbarkeit mit den Anforderungen<\/strong><\/p>\n<p>Diese Webseite ist mit \u00a7 10 Absatz 1 L-BGG teilweise vereinbar.<\/p>\n<p><\/p>\n<p><strong>2. Nicht barrierefreie Inhalte&nbsp;<\/strong><\/p>\n<p>Die nachstehend aufgef\u00fchrten Inhalte sind aus den folgenden Gr\u00fcnden nicht barrierefrei:<\/p>\n<p>Die bisherige Plattform ist in vielen Punkten nicht ohne weiteres f\u00e4hig, Barrierefreie Inhalte darzustellen. Wir sind bem\u00fcht, die Dokumente nach und nach in barrierefreier Form zu Verf\u00fcgung zu stellen.<\/p>\n<p>a) Unvereinbarkeit mit \u00a7 10 Absatz 1 L-BGG<\/p>\n<ul>\n<li style=\"list-style-type: none;\">\n<ul>\n<li>9.1.3.1 Info und Beziehungen<\/li>\n<li>9.1.4.3 Kontrast (Minimum)<\/li>\n<li>9.1.4.10 Automatischer Umbruch (Reflow)<\/li>\n<li>9.1.4.13 Eingeblendeter Inhalt bei Dar\u00fcberschweben oder Fokus<\/li>\n<li>9.2.4.1 Bl\u00f6cke \u00fcberspringen<\/li>\n<li>9.2.4.7 Fokus sichtbar<\/li>\n<li>9.2.4.4 Linkzweck (Im Kontext)<\/li>\n<li>9.4.1.1 Syntaxanalyse<\/li>\n<li>Deutsche Geb\u00e4rdensprache<\/li>\n<li>Barrierefreiheit von Dokumenten<\/li>\n<\/ul>\n<\/li>\n<\/ul>\n<p>b) Unverh\u00e4ltnism\u00e4\u00dfige Belastung<\/p>\n<p style=\"padding-left: 40px;\">Da einige der Punkte unter a) nur mit unverh\u00e4ltnism\u00e4\u00dfigem Aufwand zu korrigieren w\u00e4ren, ist ein \u00dcbertragen der Inhalte auf eine neue barrierefreie Plattform vorgesehen.<\/p>\n<p style=\"padding-left: 40px;\">Videos in Deutsche Geb\u00e4rdensprache werden aus Kostengr\u00fcnden erst f\u00fcr die neue Plattform erstellt.<\/p>\n<p><\/p>\n<p><strong>3. Erstellung dieser Erkl\u00e4rung zur Barrierefreiheit<\/strong><\/p>\n<p>Diese Erkl\u00e4rung wurde am 01.01.2021 erstellt.<\/p>\n<p>Die Pr\u00fcfung der Seite wurde durch die \u00dcberwachungsstelle der DRV am 07.06.2021 vorgenommen.<\/p>\n<p>Die Erkl\u00e4rung wurde zuletzt am 16.08.2022 \u00fcberpr\u00fcft.<\/p>\n<p><\/p>\n<p><strong>4. R\u00fcckmeldung und Kontaktangaben<\/strong><\/p>\n<ul>\n<li>Per Mail <a href=\"mailto:verwaltung@rs-balingen.bl.schule.bwl.de\">verwaltung@rs-balingen.bl.schule.bwl.de<\/a><\/li>\n<li>Per Post Realschule Balingen, Teckstra\u00dfe 20, 72336 Balingen<\/li>\n<\/ul>\n<p><strong>5. Durchsetzungsverfahren<\/strong><\/p>\n<p>Um zu gew\u00e4hrleisten, dass diese Webseite den in \u00a7 10 Absatz 1 L-BGG beschriebenen Anforderungen gen\u00fcgen, k\u00f6nnen Sie sich an die Realschule Balingen wenden und eine entsprechende R\u00fcckmeldung geben. Die entsprechenden Kontaktdaten finden Sie unter Ziffer 4 dieser Erkl\u00e4rung.<\/p>\n<p>Falls die Realschule Balingen nicht innerhalb der in \u00a7 8 Satz 1 L-BGG-DVO vorgesehenen Frist auf Ihre Anfrage antwortet, k\u00f6nnen Sie sich an die Beauftragte der Landesregierung f\u00fcr die Belange von Menschen mit Behinderungen oder an den kommunalen Beauftragten f\u00fcr die Belange von Menschen mit Behinderungen im Rahmen der in \u00a7 14 Absatz 2 L-BGG und \u00a7 15 Absatz 3 Satz 2 L-BGG beschriebenen Ombudsfunktion wenden.<\/p>\n<p>Die Beauftragte der Landesregierung f\u00fcr die Belange von Menschen mit Behinderungen k\u00f6nnen Sie wie folgt erreichen:<\/p>\n<blockquote>\n<p>Landes-Behindertenbeauftragte Simone Fischer<br>Gesch\u00e4ftsstelle der Landes-Behindertenbeauftragten:<br>Else-Josenhans-Stra\u00dfe 6<br>70173 Stuttgart<br>Telefon: 0711 279 3360<br>E-Mail: <a href=\"mailto:Poststelle@bfbmb.bwl.de\">Poststelle@bfbmb.bwl.de<\/a><\/p>\n<\/blockquote>\n<p>Die Kontaktdaten des f\u00fcr Sie zust\u00e4ndigen kommunalen Beauftragten f\u00fcr die Belange von Menschen mit Behinderungen k\u00f6nnen Sie \u00fcber die Webseite des Stadt- oder Landkreises in Erfahrung bringen, in welchem Sie Ihren dauerhaften Wohnsitz haben.<\/p>\n<p>Auf die M\u00f6glichkeit des Verbandsklagerechts nach \u00a7 12 Absatz 1 Satz 1 Nummer 4 L-BGG wird hingewiesen.<\/p>\n<div>&nbsp;<\/div>\t\t\t\t\t\t\t\t<\/div>\n\t\t\t\t<\/div>\n\t\t\t\t\t<\/div>\n\t\t<\/div>\n\t\t\t\t\t<\/div>\n\t\t<\/section>\n\t\t\t\t<\/div>\n\t\t","protected":false},"excerpt":{"rendered":"<p>ERKL\u00c4RUNG ZUR BARRIEREFREIHEIT Die Realschule Balingen ist bem\u00fcht, ihre Webseite in Einklang mit \u00a7 10 Absatz 1 des Landesbehindertengleichstellungsgesetzes (L-BGG) barrierefrei zug\u00e4nglich zu machen. Diese Erkl\u00e4rung zur Barrierefreiheit gilt f\u00fcr die Seite www.realschule-bl.de 1. Stand der Vereinbarkeit mit den Anforderungen Diese Webseite ist mit \u00a7 10 Absatz 1 L-BGG teilweise vereinbar. 2. Nicht barrierefreie Inhalte&nbsp; [&hellip;]<\/p>\n","protected":false},"author":1,"featured_media":0,"parent":0,"menu_order":0,"comment_status":"closed","ping_status":"closed","template":"","meta":{"ocean_post_layout":"full-screen","ocean_both_sidebars_style":"","ocean_both_sidebars_content_width":0,"ocean_both_sidebars_sidebars_width":0,"ocean_sidebar":"0","ocean_second_sidebar":"0","ocean_disable_margins":"enable","ocean_add_body_class":"","ocean_shortcode_before_top_bar":"","ocean_shortcode_after_top_bar":"","ocean_shortcode_before_header":"","ocean_shortcode_after_header":"","ocean_has_shortcode":"","ocean_shortcode_after_title":"","ocean_shortcode_before_footer_widgets":"","ocean_shortcode_after_footer_widgets":"","ocean_shortcode_before_footer_bottom":"","ocean_shortcode_after_footer_bottom":"","ocean_display_top_bar":"off","ocean_display_header":"default","ocean_header_style":"","ocean_center_header_left_menu":"0","ocean_custom_header_template":"0","ocean_custom_logo":0,"ocean_custom_retina_logo":0,"ocean_custom_logo_max_width":0,"ocean_custom_logo_tablet_max_width":0,"ocean_custom_logo_mobile_max_width":0,"ocean_custom_logo_max_height":0,"ocean_custom_logo_tablet_max_height":0,"ocean_custom_logo_mobile_max_height":0,"ocean_header_custom_menu":"0","ocean_menu_typo_font_family":"0","ocean_menu_typo_font_subset":"","ocean_menu_typo_font_size":0,"ocean_menu_typo_font_size_tablet":0,"ocean_menu_typo_font_size_mobile":0,"ocean_menu_typo_font_size_unit":"px","ocean_menu_typo_font_weight":"","ocean_menu_typo_font_weight_tablet":"","ocean_menu_typo_font_weight_mobile":"","ocean_menu_typo_transform":"","ocean_menu_typo_transform_tablet":"","ocean_menu_typo_transform_mobile":"","ocean_menu_typo_line_height":0,"ocean_menu_typo_line_height_tablet":0,"ocean_menu_typo_line_height_mobile":0,"ocean_menu_typo_line_height_unit":"","ocean_menu_typo_spacing":0,"ocean_menu_typo_spacing_tablet":0,"ocean_menu_typo_spacing_mobile":0,"ocean_menu_typo_spacing_unit":"","ocean_menu_link_color":"","ocean_menu_link_color_hover":"","ocean_menu_link_color_active":"","ocean_menu_link_background":"","ocean_menu_link_hover_background":"","ocean_menu_link_active_background":"","ocean_menu_social_links_bg":"","ocean_menu_social_hover_links_bg":"","ocean_menu_social_links_color":"","ocean_menu_social_hover_links_color":"","ocean_disable_title":"on","ocean_disable_heading":"default","ocean_post_title":"","ocean_post_subheading":"","ocean_post_title_style":"","ocean_post_title_background_color":"","ocean_post_title_background":0,"ocean_post_title_bg_image_position":"","ocean_post_title_bg_image_attachment":"","ocean_post_title_bg_image_repeat":"","ocean_post_title_bg_image_size":"","ocean_post_title_height":0,"ocean_post_title_bg_overlay":0.5,"ocean_post_title_bg_overlay_color":"","ocean_disable_breadcrumbs":"default","ocean_breadcrumbs_color":"","ocean_breadcrumbs_separator_color":"","ocean_breadcrumbs_links_color":"","ocean_breadcrumbs_links_hover_color":"","ocean_display_footer_widgets":"off","ocean_display_footer_bottom":"off","ocean_custom_footer_template":"0","footnotes":""},"_links":{"self":[{"href":"https:\/\/www.rs-balingen.de\/home\/wp-json\/wp\/v2\/pages\/4495"}],"collection":[{"href":"https:\/\/www.rs-balingen.de\/home\/wp-json\/wp\/v2\/pages"}],"about":[{"href":"https:\/\/www.rs-balingen.de\/home\/wp-json\/wp\/v2\/types\/page"}],"author":[{"embeddable":true,"href":"https:\/\/www.rs-balingen.de\/home\/wp-json\/wp\/v2\/users\/1"}],"replies":[{"embeddable":true,"href":"https:\/\/www.rs-balingen.de\/home\/wp-json\/wp\/v2\/comments?post=4495"}],"version-history":[{"count":0,"href":"https:\/\/www.rs-balingen.de\/home\/wp-json\/wp\/v2\/pages\/4495\/revisions"}],"wp:attachment":[{"href":"https:\/\/www.rs-balingen.de\/home\/wp-json\/wp\/v2\/media?parent=4495"}],"curies":[{"name":"wp","href":"https:\/\/api.w.org\/{rel}","templated":true}]}}

Erklärung zur Barrierefreiheit

<div data-elementor-type="wp-page" data-elementor-id="4495" class="elementor elementor-4495" data-elementor-post-type="page">
						<section class="elementor-section elementor-top-section elementor-element elementor-element-459059c elementor-section-boxed elementor-section-height-default elementor-section-height-default" data-id="459059c" data-element_type="section">
						<div class="elementor-container elementor-column-gap-default">
					<div class="elementor-column elementor-col-100 elementor-top-column elementor-element elementor-element-49ded8c" data-id="49ded8c" data-element_type="column">
			<div class="elementor-widget-wrap elementor-element-populated">
						<div class="elementor-element elementor-element-78c6cc3 elementor-widget elementor-widget-spacer" data-id="78c6cc3" data-element_type="widget" data-widget_type="spacer.default">
				<div class="elementor-widget-container">
							<div class="elementor-spacer">
			<div class="elementor-spacer-inner"></div>
		</div>
						</div>
				</div>
					</div>
		</div>
					</div>
		</section>
				<section class="elementor-section elementor-top-section elementor-element elementor-element-85a84aa elementor-section-boxed elementor-section-height-default elementor-section-height-default" data-id="85a84aa" data-element_type="section">
						<div class="elementor-container elementor-column-gap-default">
					<div class="elementor-column elementor-col-100 elementor-top-column elementor-element elementor-element-443e0cf" data-id="443e0cf" data-element_type="column">
			<div class="elementor-widget-wrap elementor-element-populated">
						<div class="elementor-element elementor-element-be87f91 elementor-widget elementor-widget-text-editor" data-id="be87f91" data-element_type="widget" data-widget_type="text-editor.default">
				<div class="elementor-widget-container">
									<p><strong>ERKLÄRUNG ZUR BARRIEREFREIHEIT</strong></p>
<p>Die Realschule Balingen ist bemüht, ihre Webseite in Einklang mit § 10 Absatz 1 des Landesbehindertengleichstellungsgesetzes (L-BGG) barrierefrei zugänglich zu machen.</p>
<p>Diese Erklärung zur Barrierefreiheit gilt für die Seite www.realschule-bl.de</p>
<p></p>
<p><strong>1. Stand der Vereinbarkeit mit den Anforderungen</strong></p>
<p>Diese Webseite ist mit § 10 Absatz 1 L-BGG teilweise vereinbar.</p>
<p></p>
<p><strong>2. Nicht barrierefreie Inhalte&nbsp;</strong></p>
<p>Die nachstehend aufgeführten Inhalte sind aus den folgenden Gründen nicht barrierefrei:</p>
<p>Die bisherige Plattform ist in vielen Punkten nicht ohne weiteres fähig, Barrierefreie Inhalte darzustellen. Wir sind bemüht, die Dokumente nach und nach in barrierefreier Form zu Verfügung zu stellen.</p>
<p>a) Unvereinbarkeit mit § 10 Absatz 1 L-BGG</p>
<ul>
<li style="list-style-type: none;">
<ul>
<li>9.1.3.1 Info und Beziehungen</li>
<li>9.1.4.3 Kontrast (Minimum)</li>
<li>9.1.4.10 Automatischer Umbruch (Reflow)</li>
<li>9.1.4.13 Eingeblendeter Inhalt bei Darüberschweben oder Fokus</li>
<li>9.2.4.1 Blöcke überspringen</li>
<li>9.2.4.7 Fokus sichtbar</li>
<li>9.2.4.4 Linkzweck (Im Kontext)</li>
<li>9.4.1.1 Syntaxanalyse</li>
<li>Deutsche Gebärdensprache</li>
<li>Barrierefreiheit von Dokumenten</li>
</ul>
</li>
</ul>
<p>b) Unverhältnismäßige Belastung</p>
<p style="padding-left: 40px;">Da einige der Punkte unter a) nur mit unverhältnismäßigem Aufwand zu korrigieren wären, ist ein Übertragen der Inhalte auf eine neue barrierefreie Plattform vorgesehen.</p>
<p style="padding-left: 40px;">Videos in Deutsche Gebärdensprache werden aus Kostengründen erst für die neue Plattform erstellt.</p>
<p></p>
<p><strong>3. Erstellung dieser Erklärung zur Barrierefreiheit</strong></p>
<p>Diese Erklärung wurde am 01.01.2021 erstellt.</p>
<p>Die Prüfung der Seite wurde durch die Überwachungsstelle der DRV am 07.06.2021 vorgenommen.</p>
<p>Die Erklärung wurde zuletzt am 16.08.2022 überprüft.</p>
<p></p>
<p><strong>4. Rückmeldung und Kontaktangaben</strong></p>
<ul>
<li>Per Mail <a href="mailto:verwaltung@rs-balingen.bl.schule.bwl.de">verwaltung@rs-balingen.bl.schule.bwl.de</a></li>
<li>Per Post Realschule Balingen, Teckstraße 20, 72336 Balingen</li>
</ul>
<p><strong>5. Durchsetzungsverfahren</strong></p>
<p>Um zu gewährleisten, dass diese Webseite den in § 10 Absatz 1 L-BGG beschriebenen Anforderungen genügen, können Sie sich an die Realschule Balingen wenden und eine entsprechende Rückmeldung geben. Die entsprechenden Kontaktdaten finden Sie unter Ziffer 4 dieser Erklärung.</p>
<p>Falls die Realschule Balingen nicht innerhalb der in § 8 Satz 1 L-BGG-DVO vorgesehenen Frist auf Ihre Anfrage antwortet, können Sie sich an die Beauftragte der Landesregierung für die Belange von Menschen mit Behinderungen oder an den kommunalen Beauftragten für die Belange von Menschen mit Behinderungen im Rahmen der in § 14 Absatz 2 L-BGG und § 15 Absatz 3 Satz 2 L-BGG beschriebenen Ombudsfunktion wenden.</p>
<p>Die Beauftragte der Landesregierung für die Belange von Menschen mit Behinderungen können Sie wie folgt erreichen:</p>
<blockquote>
<p>Landes-Behindertenbeauftragte Simone Fischer<br>Geschäftsstelle der Landes-Behindertenbeauftragten:<br>Else-Josenhans-Straße 6<br>70173 Stuttgart<br>Telefon: 0711 279 3360<br>E-Mail: <a href="mailto:Poststelle@bfbmb.bwl.de">Poststelle@bfbmb.bwl.de</a></p>
</blockquote>
<p>Die Kontaktdaten des für Sie zuständigen kommunalen Beauftragten für die Belange von Menschen mit Behinderungen können Sie über die Webseite des Stadt- oder Landkreises in Erfahrung bringen, in welchem Sie Ihren dauerhaften Wohnsitz haben.</p>
<p>Auf die Möglichkeit des Verbandsklagerechts nach § 12 Absatz 1 Satz 1 Nummer 4 L-BGG wird hingewiesen.</p>
<div>&nbsp;</div>								</div>
				</div>
					</div>
		</div>
					</div>
		</section>
				</div>

<p>ERKLÄRUNG ZUR BARRIEREFREIHEIT Die Realschule Balingen ist bemüht, ihre Webseite in Einklang mit § 10 Absatz 1 des Landesbehindertengleichstellungsgesetzes (L-BGG) barrierefrei zugänglich zu machen. Diese Erklärung zur Barrierefreiheit gilt für die Seite www.realschule-bl.de 1. Stand der Vereinbarkeit mit den Anforderungen Diese Webseite ist mit § 10 Absatz 1 L-BGG teilweise vereinbar. 2. Nicht barrierefreie Inhalte&nbsp; [&hellip;]</p>
