{"id":1605,"date":"2020-10-30T18:04:17","date_gmt":"2020-10-30T17:04:17","guid":{"rendered":"http:\/\/tosbkzel.web.belwue.de\/?page_id=1605"},"modified":"2024-06-02T08:53:11","modified_gmt":"2024-06-02T06:53:11","slug":"termine","status":"publish","type":"page","link":"https:\/\/www.rs-balingen.de\/home\/termine\/","title":{"rendered":"Termine"},"content":{"rendered":"<p>Dezember 2020<\/p>\n<article data-style=\"\" itemscope>\n                                    <a  data-event-id=\"1400\" href=\"http:\/\/tosbkzel.web.belwue.de\/events\/weihnachtsferien\/\" ><img loading=\"lazy\" decoding=\"async\" width=\"150\" height=\"150\" src=\"http:\/\/tosbkzel.web.belwue.de\/wp-content\/uploads\/2020\/10\/Winterferien-150x150.jpeg\" alt=\"\" loading=\"lazy\" data-mec-postid=\"1400\" srcset=\"http:\/\/tosbkzel.web.belwue.de\/wp-content\/uploads\/2020\/10\/Winterferien-150x150.jpeg 150w, http:\/\/tosbkzel.web.belwue.de\/wp-content\/uploads\/2020\/10\/Winterferien-300x300.jpeg 300w\" sizes=\"(max-width: 150px) 100vw, 150px\" \/><\/a><br \/>\n                                             Dez 23 2020 &#8211; Jan 08 2021<\/p>\n<h4><a  data-event-id=\"1400\" href=\"http:\/\/tosbkzel.web.belwue.de\/events\/weihnachtsferien\/\" >Weihnachtsferien<\/a><\/h4>\n<\/article>\n<p>                        Februar 2021<\/p>\n<article data-style=\"\" itemscope>\n                                    <a  data-event-id=\"1553\" href=\"http:\/\/tosbkzel.web.belwue.de\/events\/zeugnisse\/\" ><\/a><br \/>\n                                             Feb 01 2021<\/p>\n<h4><a  data-event-id=\"1553\" href=\"http:\/\/tosbkzel.web.belwue.de\/events\/zeugnisse\/\" >Zeugnisse<\/a><\/h4>\n<\/article>\n<article data-style=\"\" itemscope>\n                                    <a  data-event-id=\"1555\" href=\"http:\/\/tosbkzel.web.belwue.de\/events\/elternsprechtag\/\" ><\/a><br \/>\n                                             Feb 04 2021<\/p>\n<h4><a  data-event-id=\"1555\" href=\"http:\/\/tosbkzel.web.belwue.de\/events\/elternsprechtag\/\" >Elternsprechtag<\/a><\/h4>\n<\/article>\n<article data-style=\"\" itemscope>\n                                    <a  data-event-id=\"1559\" href=\"http:\/\/tosbkzel.web.belwue.de\/events\/fasnetsferien\/\" ><\/a><br \/>\n                                             Feb 15 &#8211; 19 2021<\/p>\n<h4><a  data-event-id=\"1559\" href=\"http:\/\/tosbkzel.web.belwue.de\/events\/fasnetsferien\/\" >Fasnetsferien<\/a><\/h4>\n<\/article>\n<p>                        M\u00e4rz 2021<\/p>\n<article data-style=\"\" itemscope>\n                                    <a  data-event-id=\"1561\" href=\"http:\/\/tosbkzel.web.belwue.de\/events\/kommunikationspruefung-englisch\/\" ><\/a><br \/>\n                                             Mrz 01 &#8211; 05 2021<\/p>\n<h4><a  data-event-id=\"1561\" href=\"http:\/\/tosbkzel.web.belwue.de\/events\/kommunikationspruefung-englisch\/\" >Kommunikationspr\u00fcfung Englisch<\/a><\/h4>\n<\/article>\n<article data-style=\"\" itemscope>\n                                    <a  data-event-id=\"1563\" href=\"http:\/\/tosbkzel.web.belwue.de\/events\/vera-8-deutsch\/\" ><\/a><br \/>\n                                             Mrz 03 2021<\/p>\n<h4><a  data-event-id=\"1563\" href=\"http:\/\/tosbkzel.web.belwue.de\/events\/vera-8-deutsch\/\" >Vera 8 Deutsch<\/a><\/h4>\n<\/article>\n<article data-style=\"\" itemscope>\n                                    <a  data-event-id=\"1565\" href=\"http:\/\/tosbkzel.web.belwue.de\/events\/infoabend-neue-fuenfer\/\" ><\/a><br \/>\n                                             Mrz 04 2021<\/p>\n<h4><a  data-event-id=\"1565\" href=\"http:\/\/tosbkzel.web.belwue.de\/events\/infoabend-neue-fuenfer\/\" >Infoabend Neue F\u00fcnfer<\/a><\/h4>\n<\/article>\n<article data-style=\"\" itemscope>\n                                    <a  data-event-id=\"1567\" href=\"http:\/\/tosbkzel.web.belwue.de\/events\/vera-8-englisch\/\" ><\/a><br \/>\n                                             Mrz 05 2021<\/p>\n<h4><a  data-event-id=\"1567\" href=\"http:\/\/tosbkzel.web.belwue.de\/events\/vera-8-englisch\/\" >Vera 8 Englisch<\/a><\/h4>\n<\/article>\n<article data-style=\"\" itemscope>\n                                    <a  data-event-id=\"1569\" href=\"http:\/\/tosbkzel.web.belwue.de\/events\/vera-8-mathe\/\" ><\/a><br \/>\n                                             Mrz 08 2021<\/p>\n<h4><a  data-event-id=\"1569\" href=\"http:\/\/tosbkzel.web.belwue.de\/events\/vera-8-mathe\/\" >Vera 8 Mathe<\/a><\/h4>\n<\/article>\n<article data-style=\"\" itemscope>\n                                    <a  data-event-id=\"1571\" href=\"http:\/\/tosbkzel.web.belwue.de\/events\/anmeldung-neue-fuenfer\/\" ><\/a><br \/>\n                                             Mrz 11 &#8211; 12 2021<\/p>\n<h4><a  data-event-id=\"1571\" href=\"http:\/\/tosbkzel.web.belwue.de\/events\/anmeldung-neue-fuenfer\/\" >Anmeldung Neue F\u00fcnfer<\/a><\/h4>\n<\/article>\n<p>                        April 2021<\/p>\n<article data-style=\"\" itemscope>\n                                    <a  data-event-id=\"1573\" href=\"http:\/\/tosbkzel.web.belwue.de\/events\/osterferien\/\" ><\/a><br \/>\n                                             Apr 01 &#8211; 10 2021<\/p>\n<h4><a  data-event-id=\"1573\" href=\"http:\/\/tosbkzel.web.belwue.de\/events\/osterferien\/\" >Osterferien<\/a><\/h4>\n<\/article>\n<article data-style=\"\" itemscope>\n                                    <a  data-event-id=\"1575\" href=\"http:\/\/tosbkzel.web.belwue.de\/events\/praxispruefungen-wahlpflichtfach\/\" ><\/a><br \/>\n                                             Apr 12 &#8211; 16 2021<\/p>\n<h4><a  data-event-id=\"1575\" href=\"http:\/\/tosbkzel.web.belwue.de\/events\/praxispruefungen-wahlpflichtfach\/\" >Praxispr\u00fcfungen Wahlpflichtfach<\/a><\/h4>\n<\/article>\n<p>        Keine Veranstaltung gefunden!<br \/>\n        Mehr laden<\/p>\n","protected":false},"excerpt":{"rendered":"<p>Dezember 2020 Dez 23 2020 &#8211; Jan 08 2021 Weihnachtsferien Februar 2021 Feb 01 2021 Zeugnisse Feb 04 2021 Elternsprechtag Feb 15 &#8211; 19 2021 Fasnetsferien M\u00e4rz 2021 Mrz 01 &#8211; 05 2021 Kommunikationspr\u00fcfung Englisch Mrz 03 2021 Vera 8 Deutsch Mrz 04 2021 Infoabend Neue F\u00fcnfer Mrz 05 2021 Vera 8 Englisch Mrz 08 [&hellip;]<\/p>\n","protected":false},"author":1,"featured_media":0,"parent":0,"menu_order":0,"comment_status":"closed","ping_status":"closed","template":"","meta":{"ocean_post_layout":"full-screen","ocean_both_sidebars_style":"","ocean_both_sidebars_content_width":0,"ocean_both_sidebars_sidebars_width":0,"ocean_sidebar":"0","ocean_second_sidebar":"0","ocean_disable_margins":"enable","ocean_add_body_class":"","ocean_shortcode_before_top_bar":"","ocean_shortcode_after_top_bar":"","ocean_shortcode_before_header":"","ocean_shortcode_after_header":"","ocean_has_shortcode":"","ocean_shortcode_after_title":"","ocean_shortcode_before_footer_widgets":"","ocean_shortcode_after_footer_widgets":"","ocean_shortcode_before_footer_bottom":"","ocean_shortcode_after_footer_bottom":"","ocean_display_top_bar":"off","ocean_display_header":"off","ocean_header_style":"","ocean_center_header_left_menu":"0","ocean_custom_header_template":"0","ocean_custom_logo":0,"ocean_custom_retina_logo":0,"ocean_custom_logo_max_width":0,"ocean_custom_logo_tablet_max_width":0,"ocean_custom_logo_mobile_max_width":0,"ocean_custom_logo_max_height":0,"ocean_custom_logo_tablet_max_height":0,"ocean_custom_logo_mobile_max_height":0,"ocean_header_custom_menu":"0","ocean_menu_typo_font_family":"0","ocean_menu_typo_font_subset":"","ocean_menu_typo_font_size":0,"ocean_menu_typo_font_size_tablet":0,"ocean_menu_typo_font_size_mobile":0,"ocean_menu_typo_font_size_unit":"px","ocean_menu_typo_font_weight":"","ocean_menu_typo_font_weight_tablet":"","ocean_menu_typo_font_weight_mobile":"","ocean_menu_typo_transform":"","ocean_menu_typo_transform_tablet":"","ocean_menu_typo_transform_mobile":"","ocean_menu_typo_line_height":0,"ocean_menu_typo_line_height_tablet":0,"ocean_menu_typo_line_height_mobile":0,"ocean_menu_typo_line_height_unit":"","ocean_menu_typo_spacing":0,"ocean_menu_typo_spacing_tablet":0,"ocean_menu_typo_spacing_mobile":0,"ocean_menu_typo_spacing_unit":"","ocean_menu_link_color":"","ocean_menu_link_color_hover":"","ocean_menu_link_color_active":"","ocean_menu_link_background":"","ocean_menu_link_hover_background":"","ocean_menu_link_active_background":"","ocean_menu_social_links_bg":"","ocean_menu_social_hover_links_bg":"","ocean_menu_social_links_color":"","ocean_menu_social_hover_links_color":"","ocean_disable_title":"on","ocean_disable_heading":"default","ocean_post_title":"","ocean_post_subheading":"","ocean_post_title_style":"","ocean_post_title_background_color":"","ocean_post_title_background":0,"ocean_post_title_bg_image_position":"","ocean_post_title_bg_image_attachment":"","ocean_post_title_bg_image_repeat":"","ocean_post_title_bg_image_size":"","ocean_post_title_height":0,"ocean_post_title_bg_overlay":0.5,"ocean_post_title_bg_overlay_color":"","ocean_disable_breadcrumbs":"default","ocean_breadcrumbs_color":"","ocean_breadcrumbs_separator_color":"","ocean_breadcrumbs_links_color":"","ocean_breadcrumbs_links_hover_color":"","ocean_display_footer_widgets":"off","ocean_display_footer_bottom":"off","ocean_custom_footer_template":"0","footnotes":""},"_links":{"self":[{"href":"https:\/\/www.rs-balingen.de\/home\/wp-json\/wp\/v2\/pages\/1605"}],"collection":[{"href":"https:\/\/www.rs-balingen.de\/home\/wp-json\/wp\/v2\/pages"}],"about":[{"href":"https:\/\/www.rs-balingen.de\/home\/wp-json\/wp\/v2\/types\/page"}],"author":[{"embeddable":true,"href":"https:\/\/www.rs-balingen.de\/home\/wp-json\/wp\/v2\/users\/1"}],"replies":[{"embeddable":true,"href":"https:\/\/www.rs-balingen.de\/home\/wp-json\/wp\/v2\/comments?post=1605"}],"version-history":[{"count":1,"href":"https:\/\/www.rs-balingen.de\/home\/wp-json\/wp\/v2\/pages\/1605\/revisions"}],"predecessor-version":[{"id":6397,"href":"https:\/\/www.rs-balingen.de\/home\/wp-json\/wp\/v2\/pages\/1605\/revisions\/6397"}],"wp:attachment":[{"href":"https:\/\/www.rs-balingen.de\/home\/wp-json\/wp\/v2\/media?parent=1605"}],"curies":[{"name":"wp","href":"https:\/\/api.w.org\/{rel}","templated":true}]}}

<p>Dezember 2020</p>
<article data-style="" itemscope>
                                    <a  data-event-id="1400" href="http://tosbkzel.web.belwue.de/events/weihnachtsferien/" ><img loading="lazy" decoding="async" width="150" height="150" src="http://tosbkzel.web.belwue.de/wp-content/uploads/2020/10/Winterferien-150x150.jpeg" alt="" loading="lazy" data-mec-postid="1400" srcset="http://tosbkzel.web.belwue.de/wp-content/uploads/2020/10/Winterferien-150x150.jpeg 150w, http://tosbkzel.web.belwue.de/wp-content/uploads/2020/10/Winterferien-300x300.jpeg 300w" sizes="(max-width: 150px) 100vw, 150px" /></a><br />
                                             Dez 23 2020 &#8211; Jan 08 2021</p>
<h4><a  data-event-id="1400" href="http://tosbkzel.web.belwue.de/events/weihnachtsferien/" >Weihnachtsferien</a></h4>
</article>
<p>                        Februar 2021</p>
<article data-style="" itemscope>
                                    <a  data-event-id="1553" href="http://tosbkzel.web.belwue.de/events/zeugnisse/" ></a><br />
                                             Feb 01 2021</p>
<h4><a  data-event-id="1553" href="http://tosbkzel.web.belwue.de/events/zeugnisse/" >Zeugnisse</a></h4>
</article>
<article data-style="" itemscope>
                                    <a  data-event-id="1555" href="http://tosbkzel.web.belwue.de/events/elternsprechtag/" ></a><br />
                                             Feb 04 2021</p>
<h4><a  data-event-id="1555" href="http://tosbkzel.web.belwue.de/events/elternsprechtag/" >Elternsprechtag</a></h4>
</article>
<article data-style="" itemscope>
                                    <a  data-event-id="1559" href="http://tosbkzel.web.belwue.de/events/fasnetsferien/" ></a><br />
                                             Feb 15 &#8211; 19 2021</p>
<h4><a  data-event-id="1559" href="http://tosbkzel.web.belwue.de/events/fasnetsferien/" >Fasnetsferien</a></h4>
</article>
<p>                        März 2021</p>
<article data-style="" itemscope>
                                    <a  data-event-id="1561" href="http://tosbkzel.web.belwue.de/events/kommunikationspruefung-englisch/" ></a><br />
                                             Mrz 01 &#8211; 05 2021</p>
<h4><a  data-event-id="1561" href="http://tosbkzel.web.belwue.de/events/kommunikationspruefung-englisch/" >Kommunikationsprüfung Englisch</a></h4>
</article>
<article data-style="" itemscope>
                                    <a  data-event-id="1563" href="http://tosbkzel.web.belwue.de/events/vera-8-deutsch/" ></a><br />
                                             Mrz 03 2021</p>
<h4><a  data-event-id="1563" href="http://tosbkzel.web.belwue.de/events/vera-8-deutsch/" >Vera 8 Deutsch</a></h4>
</article>
<article data-style="" itemscope>
                                    <a  data-event-id="1565" href="http://tosbkzel.web.belwue.de/events/infoabend-neue-fuenfer/" ></a><br />
                                             Mrz 04 2021</p>
<h4><a  data-event-id="1565" href="http://tosbkzel.web.belwue.de/events/infoabend-neue-fuenfer/" >Infoabend Neue Fünfer</a></h4>
</article>
<article data-style="" itemscope>
                                    <a  data-event-id="1567" href="http://tosbkzel.web.belwue.de/events/vera-8-englisch/" ></a><br />
                                             Mrz 05 2021</p>
<h4><a  data-event-id="1567" href="http://tosbkzel.web.belwue.de/events/vera-8-englisch/" >Vera 8 Englisch</a></h4>
</article>
<article data-style="" itemscope>
                                    <a  data-event-id="1569" href="http://tosbkzel.web.belwue.de/events/vera-8-mathe/" ></a><br />
                                             Mrz 08 2021</p>
<h4><a  data-event-id="1569" href="http://tosbkzel.web.belwue.de/events/vera-8-mathe/" >Vera 8 Mathe</a></h4>
</article>
<article data-style="" itemscope>
                                    <a  data-event-id="1571" href="http://tosbkzel.web.belwue.de/events/anmeldung-neue-fuenfer/" ></a><br />
                                             Mrz 11 &#8211; 12 2021</p>
<h4><a  data-event-id="1571" href="http://tosbkzel.web.belwue.de/events/anmeldung-neue-fuenfer/" >Anmeldung Neue Fünfer</a></h4>
</article>
<p>                        April 2021</p>
<article data-style="" itemscope>
                                    <a  data-event-id="1573" href="http://tosbkzel.web.belwue.de/events/osterferien/" ></a><br />
                                             Apr 01 &#8211; 10 2021</p>
<h4><a  data-event-id="1573" href="http://tosbkzel.web.belwue.de/events/osterferien/" >Osterferien</a></h4>
</article>
<article data-style="" itemscope>
                                    <a  data-event-id="1575" href="http://tosbkzel.web.belwue.de/events/praxispruefungen-wahlpflichtfach/" ></a><br />
                                             Apr 12 &#8211; 16 2021</p>
<h4><a  data-event-id="1575" href="http://tosbkzel.web.belwue.de/events/praxispruefungen-wahlpflichtfach/" >Praxisprüfungen Wahlpflichtfach</a></h4>
</article>
<p>        Keine Veranstaltung gefunden!<br />
        Mehr laden</p>

<p>Dezember 2020 Dez 23 2020 &#8211; Jan 08 2021 Weihnachtsferien Februar 2021 Feb 01 2021 Zeugnisse Feb 04 2021 Elternsprechtag Feb 15 &#8211; 19 2021 Fasnetsferien März 2021 Mrz 01 &#8211; 05 2021 Kommunikationsprüfung Englisch Mrz 03 2021 Vera 8 Deutsch Mrz 04 2021 Infoabend Neue Fünfer Mrz 05 2021 Vera 8 Englisch Mrz 08 [&hellip;]</p>
